t is the units digit of 72158?
8
What is the tens digit of 776?
7
What is the thousands digit of 2009?
2
What is the tens digit of 586?
8
What is the ten thousands digit of 62967?
6
What is the thousands digit of 17054?
7
What is the units digit of 4836?
6
What is the units digit of 5148?
8
What is the tens digit of 1589?
8
What is the hundreds digit of 720?
7
What is the hundreds digit of 3974?
9
What is the hundreds digit of 3420?
4
What is the hundreds digit of 29780?
7
What is the tens digit of 6417?
1
What is the units digit of 4562?
2
What is the units digit of 420?
0
What is the units digit of 10243?
3
What is the tens digit of 5251?
5
What is the units digit of 43413?
3
What is the ten thousands digit of 26045?
2
What is the hundreds digit of 7107?
1
What is the units digit of 2730?
0
What is the units digit of 855?
5
What is the units digit of 35388?
8
What is the tens digit of 751?
5
What is the thousands digit of 4303?
4
What is the hundreds digit of 62328?
3
What is the ten thousands digit of 11857?
1
What is the ten thousands digit of 13381?
1
What is the tens digit of 91?
9
What is the units digit of 174?
4
What is the units digit of 267?
7
What is the hundreds digit of 5745?
7
What is the hundreds digit of 5737?
7
What is the thousands digit of 5569?
5
What is the hundreds digit of 10314?
3
What is the units digit of 2607?
7
What is the units digit of 16490?
0
What is the units digit of 678?
8
What is the thousands digit of 1807?
1
What is the hundreds digit of 3398?
3
What is the units digit of 77038?
8
What is the thousands digit of 92009?
2
What is the units digit of 268?
8
What is the hundreds digit of 367?
3
What is the tens digit of 3564?
6
What is the tens digit of 2289?
8
What is the hundreds digit of 28339?
3
What is the units digit of 3462?
2
What is the hundreds digit of 34892?
8
What is the ten thousands digit of 44524?
4
What is the hundreds digit of 4784?
7
What is the tens digit of 1803?
0
What is the hundreds digit of 296?
2
What is the tens digit of 16494?
9
What is the units digit of 1414?
4
What is the ten thousands digit of 12546?
1
What is the units digit of 6158?
8
What is the thousands digit of 15613?
5
What is the hundreds digit of 9275?
2
What is the units digit of 2593?
3
What is the hundreds digit of 9277?
2
What is the tens digit of 15992?
9
What is the ten thousands digit of 23376?
2
What is the hundreds digit of 29471?
4
What is the units digit of 477?
7
What is the tens digit of 1572?
7
What is the hundreds digit of 689?
6
What is the hundreds digit of 430?
4
What is the units digit of 60678?
8
What is the tens digit of 66?
6
What is the thousands digit of 22530?
2
What is the hundreds digit of 934?
9
What is the hundred thousands digit of 124073?
1
What is the hundreds digit of 382?
3
What is the units digit of 910?
0
What is the units digit of 28872?
2
What is the units digit of 700?
0
What is the hundreds digit of 490?
4
What is the thousands digit of 3403?
3
What is the thousands digit of 9188?
9
What is the units digit of 11389?
9
What is the tens digit of 340?
4
What is the units digit of 1572?
2
What is the thousands digit of 17225?
7
What is the units digit of 1008?
8
What is the ten thousands digit of 10730?
1
What is the units digit of 821?
1
What is the hundreds digit of 2202?
2
What is the tens digit of 8886?
8
What is the hundreds digit of 5616?
6
What is the hundreds digit of 671?
6
What is the tens digit of 6924?
2
What is the tens digit of 18524?
2
What is the units digit of 1972?
2
What is the tens digit of 169?
6
What is the thousands digit of 9771?
9
What is the hundreds digit of 938?
9
What is the thousands digit of 15677?
5
What is the units digit of 289?
9
What is the tens digit of 2402?
0
What is the tens digit of 1138?
3
What is the tens digit of 25046?
4
What is the tens digit of 55613?
1
What is the units digit of 7704?
4
What is the units digit of 1080?
0
What is the units digit of 773?
3
What is the hundreds digit of 91543?
5
What is the thousands digit of 19658?
9
What is the tens digit of 6402?
0
What is the ten thousands digit of 19302?
1
What is the thousands digit of 1946?
1
What is the hundreds digit of 17490?
4
What is the hundreds digit of 117?
1
What is the tens digit of 6890?
9
What is the tens digit of 2859?
5
What is the tens digit of 10760?
6
What is the units digit of 9857?
7
What is the hundreds digit of 1089?
0
What is the ten thousands digit of 34212?
3
What is the hundreds digit of 113762?
7
What is the tens digit of 2371?
7
What is the units digit of 100?
0
What is the tens digit of 3717?
1
What is the tens digit of 2594?
9
What is the units digit of 2708?
8
What is the hundreds digit of 410?
4
What is the units digit of 247?
7
What is the ten thousands digit of 33328?
3
What is the hundreds digit of 7054?
0
What is the thousands digit of 5424?
5
What is the thousands digit of 17712?
7
What is the tens digit of 3270?
7
What is the thousands digit of 1023?
1
What is the tens digit of 13872?
7
What is the thousands digit of 62318?
2
What is the hundreds digit of 1076?
0
What is the hundreds digit of 2865?
8
What is the tens digit of 97056?
5
What is the hundreds digit of 7288?
2
What is the hundreds digit of 1022?
0
What is the ten thousands digit of 36885?
3
What is the hundreds digit of 361?
3
What is the hundreds digit of 2790?
7
What is the hundreds digit of 1421?
4
What is the thousands digit of 4586?
4
What is the ten thousands digit of 25586?
2
What is the thousands digit of 2670?
2
What is the units digit of 1456?
6
What is the ten thousands digit of 14332?
1
What is the units digit of 28235?
5
What is the hundreds digit of 295?
2
What is the units digit of 345?
5
What is the hundreds digit of 964?
9
What is the hundreds digit of 4238?
2
What is the tens digit of 19079?
7
What is the tens digit of 85740?
4
What is the units digit of 65549?
9
What is the thousands digit of 86201?
6
What is the tens digit of 1695?
9
What is the units digit of 810?
0
What is the thousands digit of 2027?
2
What is the hundreds digit of 1618?
6
What is the units digit of 10099?
9
What is the ten thousands digit of 59449?
5
What is the ten thousands digit of 80687?
8
What is the tens digit of 99368?
6
What is the units digit of 15348?
8
What is the units digit of 144?
4
What is the thousands digit of 4452?
4
What is the ten thousands digit of 33281?
3
What is the hundreds digit of 467?
4
What is the hundreds digit of 373?
3
What is the units digit of 190?
0
What is the tens digit of 3723?
2
What is the thousands digit of 2001?
2
What is the tens digit of 254?
5
What is the thousands digit of 1245?
1
What is the hundreds digit of 5118?
1
What is the units digit of 552?
2
What is the hundreds digit of 47177?
1
What is the thousands digit of 4904?
4
What is the hundreds digit of 235?
2
What is the units digit of 102643?
3
What is the ten thousands digit of 14856?
1
What is the hundreds digit of 1740?
7
What is the units digit of 11759?
9
What is the units digit of 12416?
6
What is the tens digit of 56872?
7
What is the tens digit of 14573?
7
What is the thousands digit of 4677?
4
What is the hundreds digit of 6604?
6
What is the hundreds digit of 162?
1
What is the hundred thousands digit of 106443?
1
What is the ten thousands digit of 28020?
2
What is the units digit of 100752?
2
What is the tens digit of 40596?
9
What is the tens digit of 18961?
6
What is the thousands digit of 3733?
3
What is the tens digit of 33643?
4
What is the ten thousands digit of 28884?
2
What is the ten thousands digit of 14845?
1
What is the hundreds digit of 8172?
1
What is the units digit of 4718?
8
What is the units digit of 1345?
5
What is the tens digit of 4538?
3
What is the thousands digit of 9381?
9
What is the tens digit of 18162?
6
What is the thousands digit of 1545?
1
What is the hundreds digit of 4895?
8
What is the ten thousands digit of 34832?
3
What is the thousands digit of 2475?
2
What is the hundreds digit of 127960?
9
What is the hundreds digit of 1362?
3
What is the tens digit of 5367?
6
What is the tens digit of 80997?
9
What is the units digit of 69?
9
What is the ten thousands digit of 17655?
1
What is the tens digit of 6852?
5
What is the thousands digit of 3606?
